rue
Does 43 divide 140429?
False
Does 45 divide 15456430?
False
Is 18 a factor of 28224?
True
Is 60 a factor of 8340900?
True
Is 16 a factor of 2292320?
True
Is 3569 a multiple of 24?
False
Is 62 a factor of 269441?
False
Does 31 divide 229648?
True
Is 700839 a multiple of 257?
True
Does 124 divide 7364485?
False
Is 2785344 a multiple of 871?
False
Is 4 a factor of 239407?
False
Is 1199395 a multiple of 66?
False
Is 812966 a multiple of 95?
False
Does 1761 divide 13923622?
False
Is 747172 a multiple of 403?
False
Does 2 divide 758318?
True
Does 341 divide 176148?
False
Is 15 a factor of 9439215?
True
Is 45 a factor of 501705?
True
Is 224601 a multiple of 39?
True
Is 64 a factor of 2891494?
False
Is 345 a factor of 1747770?
True
Is 71300 a multiple of 5?
True
Does 463 divide 585232?
True
Does 30 divide 317242?
False
Is 1534 a factor of 14169558?
True
Does 21 divide 172336?
False
Is 66 a factor of 547338?
True
Is 12 a factor of 113928?
True
Is 21 a factor of 143598?
True
Does 216 divide 10730232?
True
Is 135310 a multiple of 132?
False
Is 126558 a multiple of 139?
False
Does 54 divide 211049?
False
Does 324 divide 590652?
True
Is 10 a factor of 95560?
True
Is 299710 a multiple of 10?
True
Is 131588 a multiple of 12?
False
Is 256894 a multiple of 7?
False
Is 178 a factor of 8672160?
True
Does 47 divide 2334340?
False
Does 328 divide 25536?
False
Is 191477 a multiple of 19?
False
Is 4 a factor of 11544?
True
Is 760925 a multiple of 72?
False
Is 308 a factor of 8987593?
False
Is 120053 a multiple of 47?
False
Is 57 a factor of 44232?
True
Does 13 divide 7276516?
True
Is 90552 a multiple of 343?
True
Does 39 divide 296712?
True
Does 265 divide 50615?
True
Is 554140 a multiple of 10?
True
Is 384136 a multiple of 548?
False
Is 1073952 a multiple of 432?
True
Is 289708 a multiple of 47?
True
Is 11 a factor of 8294331?
False
Does 52 divide 548668?
False
Is 11 a factor of 1469403?
False
Is 2929257 a multiple of 801?
True
Is 360828 a multiple of 11?
False
Does 834 divide 2102148?
False
Does 390 divide 481260?
True
Is 13 a factor of 20574?
False
Is 199213 a multiple of 149?
True
Is 153 a factor of 1061667?
True
Does 25 divide 8300504?
False
Does 21 divide 261324?
True
Is 441608 a multiple of 689?
False
Does 28 divide 272573?
False
Is 112 a factor of 3307136?
True
Does 24 divide 2579727?
False
Is 50 a factor of 111000?
True
Is 170 a factor of 704310?
True
Does 117 divide 127568?
False
Is 6 a factor of 282585?
False
Is 9 a factor of 1242115?
False
Is 3589976 a multiple of 63?
False
Is 35 a factor of 74761?
False
Is 82963 a multiple of 53?
False
Does 68 divide 2534224?
True
Is 65 a factor of 27300?
True
Does 48 divide 33024?
True
Is 284 a factor of 856477?
False
Is 11 a factor of 395571?
True
Is 25 a factor of 147080?
False
Does 31 divide 901531?
False
Is 121 a factor of 528750?
False
Does 86 divide 12696853?
False
Does 115 divide 1716835?
True
Does 11 divide 225995?
True
Does 93 divide 167865?
True
Is 54 a factor of 137615?
False
Is 3203764 a multiple of 946?
False
Does 243 divide 84784?
False
Is 687283 a multiple of 116?
False
Is 17 a factor of 13674477?
True
Is 321746 a multiple of 38?
True
Is 68 a factor of 99684?
False
Is 1059397 a multiple of 131?
True
Does 274 divide 1207792?
True
Is 20281 even?
False
Does 238 divide 2088035?
False
Is 149 a factor of 3984856?
True
Is 32945 a multiple of 4?
False
Does 31 divide 146346?
False
Does 68 divide 82280?
True
Is 81 a factor of 719490?
False
Is 330426 a multiple of 12?
False
Is 88 a factor of 140688?
False
Is 461416 a multiple of 421?
True
Does 3 divide 365825?
False
Is 799665 a multiple of 24?
False
Does 65 divide 1150045?
True
Is 15565591 a multiple of 1002?
False
Is 4 a factor of 205830?
False
Is 575 a factor of 1728503?
False
Is 9 a factor of 189677?
False
Is 8 a factor of 578120?
True
Is 149 a factor of 85079?
True
Is 17 a factor of 4694142?
True
Is 313 a factor of 647284?
True
Does 8 divide 5505304?
True
Is 102375 a multiple of 35?
True
Does 855 divide 1109790?
True
Is 2331054 a multiple of 549?
True
Does 313 divide 225673?
True
Is 31616 a multiple of 6?
False
Is 1876738 a multiple of 27?
False
Is 21 a factor of 276338?
False
Is 1208296 a multiple of 292?
True
Is 7 a factor of 767743?
False
Is 793897 a multiple of 21?
False
Is 224 a factor of 189087?
False
Does 13 divide 333489?
True
Does 275 divide 93929?
False
Is 5427785 a multiple of 451?
True
Is 222 a factor of 734206?
False
Is 4723116 a multiple of 12?
True
Is 595140 a multiple of 15?
True
Is 63717 a multiple of 204?
False
Is 13 a factor of 23285?
False
Is 1013504 a multiple of 8?
True
Does 23 divide 4720307?
False
Is 23 a factor of 55752?
True
Does 17 divide 59143?
True
Does 16 divide 32336?
True
Is 56 a factor of 9507680?
True
Is 213081 a multiple of 12?
False
Is 2 a factor of 883166?
True
Is 122959 a multiple of 199?
False
Is 19189 even?
False
Does 188 divide 146828?
True
Is 41624 a multiple of 4?
True
Is 629402 a multiple of 25?
False
Is 27216 a multiple of 56?
True
Is 86 a factor of 67692?
False
Is 1631801 a multiple of 53?
False
Is 39 a factor of 439930?
False
Is 61628 a multiple of 28?
True
Is 2739347 a multiple of 8?
False
Does 157 divide 10995702?
False
Does 13 divide 403800?
False
Is 144 a factor of 97488?
True
Is 8 a factor of 21458830?
False
Is 115 a factor of 31280?
True
Is 78 a factor of 202841?
False
Does 5 divide 2990?
True
Is 294084 a multiple of 7?
True
Does 1125 divide 7734375?
True
Is 14 a factor of 1008?
True
Is 6 a factor of 379?
False
Is 20297 a multiple of 2?
False
Does 9 divide 2242?
False
Does 63 divide 258048?
True
Does 124 divide 5830919?
False
Is 107656 a multiple of 264?
False
Is 3410120 a multiple of 38?
True
Does 80 divide 3915983?
False
Is 254961 a multiple of 54?
False
Is 2668477 a multiple of 259?
True
Does 196 divide 266756?
True
Is 107 a factor of 75649?
True
Is 47767 a multiple of 73?
False
Is 34 a factor of 4378452?
True
Does 115 divide 300380?
True
Is 102 a factor of 60228?
False
Is 791287 a multiple of 90?
False
Is 1554480 a multiple of 20?
True
Is 36916 a multiple of 44?
True
Does 234 divide 2779573?
False
Does 86 divide 37152?
True
Is 35454075 a multiple of 19?
False
Does 15 divide 1031985?
True
Is 21 a factor of 2148972?
True
Is 42427 a multiple of 133?
True
Is 8950 a multiple of 3?
False
Is 2401314 a multiple of 1401?
True
Does 215 divide 20920?
False
Is 141 a factor of 694318?
False
Is 117 a factor of 2662484?
False
Does 7 divide 106022?
True
Is 631720 a multiple of 196?
False
Is 15112 a multiple of 128?
False
Is 807299 a multiple of 11?
False
Is 1162872 a multiple of 248?
True
Is 49 a factor of 108437?
True
Is 25 a factor of 39588?
False
Is 95580 a multiple of 27?
True
Is 168018 a multiple of 164?
False
Is 6448365 a multiple of 45?
True
Is 932 a factor of 1029860?
True
Is 455 a factor of 469560?
True
Does 40 divide 36960?
True
Is 128 a factor of 78080?
True
Is 187903 a multiple of 31?
False
Does 37 divide 1152673?
False
Is 7 a factor of 25717?
False
Does 318 divide 746647?
False
Is 48 a factor of 571839?
False
Does 220 divide 129360?
True
Does 13 divide 3822?
True
Is 18 a factor of 186136?
False
Is 89668 a multiple of 29?
True
Is 1235 a factor of 3255460?
True
Is 373 a factor of 327066?
False
Is 21 a factor of 58499?
False
Is 45 a factor of 305542?
False
Is 487 a factor of 433986?
False
Is 5792 a multiple of 4?
True
Is 185216 a multiple of 105?
False
Is 540 a factor of 4034340?
True
Is 128174 a multiple of 135?
False
Is 16 a factor of 964688?
True
Does 63 divide 129591?
True
Does 8 divide 7407004?
False
Does 106 divide 1918831?
False
Does 539 divide 15844033?
False
Is 249 a factor of 695955?
True
Does 51 divide 28764?
True
Is 33188 a multiple of 4?
True
Does 51 divide 518981?
False
Does 138 divide 1593210?
True
Is 2521960 a multiple of 7?
True
Does 556 divide 8452144?
False
Is 92 a factor of 56873?
False
Is 25 a factor of 522929?
False
Is 11 a factor of 88174?
False
Is 25 a factor of 7384175?
True
Is 4 a factor of 23518?
False
Is 2 a factor of 677206?
True
Is 3695525 a multiple of 115?
True
Is 107 a factor of 12541683?
False
Is 566239 a multiple of 187?
False
Is 112806 a multiple of 191?
False
Is 6880 a multiple of 16?
True
Is 711 a factor of 10281348?
False
Does 17 divide 296889?
False
Does 43 divid